200 (base 3) in base 11?
-2380998
107d42 (base 14) to base 10
559638
Convert 45436 (base 7) to base 2.
10110100010110
1011111010110011100 (base 2) to base 3
201211202001
19b83a (base 13) to base 12
276506
Convert 34004340 (base 5) to base 13.
a5524
Convert -4112320 (base 5) to base 12.
-32649
What is 41121 (base 10) in base 11?
28993
Convert -a853a (base 11) to base 10.
-157706
-401302245 (base 6) to base 8
-31713565
330639 (base 12) to base 14
171097
What is 188417 (base 10) in base 15?
3ac62
-22453a (base 15) to base 4
-12033011320
What is -2501221 (base 6) in base 12?
-64811
Convert -7817695 (base 10) to base 16.
-7749df
What is 31710 (base 11) in base 7?
251303
What is -22b0d (base 14) in base 7?
-501216
What is 4063610 (base 7) in base 15?
99172
-1c27a9 (base 16) to base 6
-103314225
What is -8a2c5 (base 14) in base 8?
-1216745
419739 (base 10) to base 4
1212132123
10030826 (base 10) to base 16
990eea
Convert -1aa91b (base 12) to base 5.
-110143131
35334 (base 13) to base 8
275702
What is -229c32 (base 13) in base 11?
-511274
Convert 9b235 (base 12) to base 11.
130818
What is -267861 (base 11) in base 4?
-1212213030
-2437582 (base 9) to base 14
-2668bd
7b9b66 (base 14) to base 15
583a26
What is -526214 (base 7) in base 4?
-112031330
13800 (base 15) to base 9
104720
7587a (base 11) to base 15
229b7
Convert -510a5 (base 13) to base 16.
-236f1
-6011005 (base 8) to base 3
-2222010220002
Convert 1041045 (base 7) to base 10.
127629
What is 987010 (base 11) in base 6?
53435523
-245728 (base 9) to base 8
-442144
Convert -b9114 (base 12) to base 4.
-323201200
Convert 1742726 (base 8) to base 7.
4221061
Convert 772915 (base 10) to base 2.
10111100101100110011
What is -16455615 (base 8) in base 9?
-7168232
-175605 (base 9) to base 6
-2201052
Convert -1110440214 (base 5) to base 15.
-3320c4
What is -76033 (base 12) in base 14?
-40995
3b884 (base 12) to base 3
11012010101
Convert -176888 (base 14) to base 7.
-10003631
Convert 46256330 (base 7) to base 6.
222432155
Convert -10000001101011001 (base 2) to base 11.
-45978
-70389 (base 10) to base 6
-1301513
What is 2102021002 (base 4) in base 12?
24a4aa
What is 26a54 (base 15) in base 3?
20021212021
-93978 (base 12) to base 11
-122173
-130927 (base 12) to base 5
-34443432
What is -17282a (base 15) in base 7?
-12353062
Convert bab42 (base 12) to base 2.
111100010011100010
What is -111257 (base 11) in base 13?
-62937
What is 3b8d72 (base 15) in base 2?
1010111011011110001000
What is -368941 (base 12) in base 9?
-1600424
-1898850 (base 12) to base 16
-4f03bc
-7fbf1 (base 16) to base 15
-a5084
What is -10883 (base 15) in base 8?
-146504
What is 2231516 (base 8) in base 11?
382014
What is -206992 (base 10) in base 15?
-414e7
Convert -55a04 (base 15) to base 12.
-11167a
Convert 10110001110001111111101 (base 2) to base 4.
112032033331
What is 10010331 (base 4) in base 3?
211220120
215654 (base 8) to base 12
36038
-11100001010111 (base 2) to base 9
-21705
Convert -10001010100001100001010 (base 2) to base 3.
-22112121112112
Convert -36abe (base 15) to base 4.
-222213122
What is 1647651 (base 15) in base 9?
33382124
12921a (base 14) to base 6
21413520
137236 (base 8) to base 13
19299
Convert -3172626 (base 10) to base 7.
-35652432
-5672204 (base 9) to base 16
-2ead6a
What is -1867681 (base 10) in base 7?
-21606064
What is -44545253 (base 7) in base 12?
-1361b42
Convert 8562ad (base 14) to base 12.
1616b15
What is 68d2dd (base 15) in base 2?
10011000110000111010111
Convert 4644012 (base 8) to base 6.
43030042
4ce9 (base 15) to base 9
24463
What is -2087239 (base 10) in base 11?
-11a61a0
Convert -1200120102 (base 3) to base 6.
-413445
What is -13146073 (base 8) in base 2?
-1011001100110000111011
Convert 5494921 (base 10) to base 13.
11a5143
1646066 (base 7) to base 16
38339
-410251 (base 8) to base 16
-210a9
Convert 302230223132 (base 4) to base 16.
cacade
-143824 (base 9) to base 15
-1b1ba
-584643 (base 11) to base 7
-10614640
What is -168727 (base 12) in base 14?
-a1623
1322d4 (base 14) to base 8
2407302
What is -267107 (base 8) in base 10?
-93767
1121a52 (base 12) to base 11
193aa50
What is 35eee (base 15) in base 14?
46a28
What is -22137334 (base 8) in base 15?
-6428a2
20021102132 (base 4) to base 15
2c29b8
What is 132133030 (base 4) in base 6?
2402044
Convert -9603 (base 12) to base 8.
-40043
6739a (base 12) to base 7
1110412
Convert 3103230020 (base 4) to base 8.
3235410
Convert 59484 (base 12) to base 7.
1006405
Convert 13150243 (base 7) to base 12.
4a1707
-3627a63 (base 12) to base 10
-10506027
Convert -785003 (base 9) to base 16.
-729e7
What is 103252542 (base 6) in base 14?
35d538
What is -102000041 (base 5) in base 13?
-11a057
What is 4569 (base 15) in base 13?
6918
What is -112331232330 (base 4) in base 10?
-6020028
236297 (base 10) to base 14
62185
125323530 (base 7) to base 11
4603098
Convert 1032121333 (base 4) to base 9.
538474
Convert 12150445 (base 7) to base 10.
1087882
-110111000001001011 (base 2) to base 10
-225355
What is -541332 (base 7) in base 8?
-267710
What is -3041247 (base 9) in base 16?
-18bdfd
1a2251 (base 12) to base 10
459997
-320010311 (base 4) to base 6
-4531205
Convert -85bc1 (base 16) to base 13.
-162439
What is 6153484 (base 10) in base 6?
335520204
Convert -37836 (base 11) to base 4.
-31033213
Convert 15526b (base 15) to base 5.
230424201
-144412224 (base 6) to base 3
-12200101011021
Convert -140343 (base 10) to base 9.
-233456
Convert -116253164 (base 7) to base 3.
-111210221221012
-1011343111 (base 5) to base 9
-3777561
-1110100011110101100 (base 2) to base 10
-477100
What is -1244575 (base 8) in base 5?
-42041433
Convert -11066042 (base 7) to base 4.
-3221303312
-11100000001000011001001 (base 2) to base 15
-9a116e
What is 2aa11 (base 13) in base 3?
11002211110
Convert 1352046 (base 13) to base 10.
6087945
What is 11457d (base 14) in base 12?
244557
What is -303237 (base 8) in base 6?
-2050543
What is -76793 (base 10) in base 15?
-17b48
12001331031 (base 4) to base 9
2868500
8c998d (base 14) to base 5
2211241134
3552200 (base 6) to base 14
4ba1a
-929c (base 16) to base 11
-26220
Convert -10615131 (base 7) to base 2.
-11100010101100111100
What is -21210031 (base 4) in base 12?
-1a811
-7054286 (base 9) to base 6
-212301040
-23245a (base 12) to base 8
-2115406
What is -1001000110111010101000 (base 2) in base 3?
-11111022012112
-953a (base 11) to base 14
-485d
What is -218b02 (base 13) in base 4?
-3001000320
1462b4c (base 13) to base 4
120300121000
54640 (base 11) to base 7
450123
-1495 (base 10) to base 12
-a47
Convert -15026235 (base 7) to base 13.
-3a8a14
Convert 16b539 (base 13) to base 10.
567719
What is -1351501 (base 6) in base 15?
-17b91
What is -222105624 (base 7) in base 15?
-12a4780
Convert 128804 (base 14) to base 15.
c9155
5113 (base 11) to base 13
3124
What is -201422224 (base 5) in base 3?
-1112012101210
-332010303 (base 4) to base 10
-254259
Convert 77850 (base 13) to base 11.
138911
12464782 (base 9) to base 8
27272652
Convert -27760126 (base 9) to base 10.
-13738839
What is 243c2 (base 15) in base 5?
12144412
-69798a (base 12) to base 8
-6352672
Convert 103334101 (base 5) to base 4.
1231223330
-1b8639 (base 16) to base 10
-1803833
What is 12310 (base 8) in base 16?
14c8
-11323523 (base 7) to base 14
-1bd84a
What is 6a45 (base 11) in base 7?
35645
-16563254 (base 7) to base 3
-10001202121222
What is 113210231 (base 4) in base 6?
2023005
Convert 2073371 (base 10) to base 14.
3bd85d
What is -287669 (base 10) in base 6?
-10055445
-2296238 (base 10) to base 8
-10604656
-c35a6 (base 13) to base 9
-583466
Convert -2a6420 (base 13) to base 3.
-1221221110120
What is 187767 (base 9) in base 10?
117268
What is -1542641 (base 10) in base 2?
-101111000100111110001
-2681677 (base 9) to base 7
-15334324
-5233432 (base 9) to base 14
-52b714
What is 11100100111000001 (base 2) in base 9?
187665
Convert 5110324 (base 9) to base 5.
1144114310
What is -5d22 (base 16) in base 5?
-1230332
-1006557 (base 10) to base 12
-4065b9
Convert 1b2b959 (base 12) to base 2.
10110000100010110010101
273427 (base 9) to base 6
3323041
Convert -10131 (base 11) to base 6.
-152300
-6984128 (base 11) to base 4
-232202313110
-1b9523 (base 12) to base 6
-14323243
Convert -3750321 (base 8) to base 11.
-